
7
Let f = -4 - -4. Suppose -4*z + 23 = i, 47 = -f*i + 5*i + 3*z. Let l = 46 - 18. Calculate the greatest common divisor of l and i.
7
Let f be (-2)/4 - (-82)/4. Suppose l + y + 13 = 169, 3*y + 332 = 2*l. What is the greatest common factor of l and f?
20
Let q = -10 - -14. Suppose 0 = 4*x - v - 144 - 69, -3*v - 223 = -q*x. What is the highest common factor of x and 26?
26
Let i = 18 - 8. What is the greatest common divisor of 70 and i?
10
Suppose 4*z - 126 = -5*y + 64, 3*y = 3*z + 141. What is the highest common divisor of y and 6?
6
Suppose -5*j + 13 = 5*k - 4*j, 3*k + 3*j = 3. Calculate the highest common factor of k and 21.
3
Let v be (-20)/(-6)*72/16. Let p = 7 - 2. Calculate the greatest common divisor of p and v.
5
Let z = 16 - 1. Calculate the highest common factor of 75 and z.
15
Let i = 15 - 15. Suppose -3*q + 4*u + 95 = i, 5*q + u = 4*u + 140. What is the greatest common divisor of 100 and q?
25
Let o(t) = -68*t**3 - 1 + 9*t**3 + 0*t - 2*t. Let x be o(-1). Suppose y + 4*g - 15 - 21 = 0, 0 = 5*g - 20. What is the greatest common divisor of y and x?
20
Let r(q) = -3*q + 10. Let v be r(-12). Calculate the highest common divisor of 23 and v.
23
Let d = -3 + 28. Calculate the highest common divisor of 125 and d.
25
Let o(v) = v**3 + 3*v**2 + 2. Let j be o(-3). What is the greatest common factor of 2 and j?
2
Let r = 73 + -39. Calculate the highest common divisor of 85 and r.
17
Suppose 3*l = -2*u + 38, -u - 11 - 5 = -l. Suppose 3*q = 2*q + l. Calculate the highest common divisor of 126 and q.
14
Suppose -j = -0*s - 2*s - 14, -s = 2*j - 23. Calculate the highest common factor of 12 and j.
12
Suppose 0 = -4*p - 0*u + 4*u + 1752, u - 1762 = -4*p. Calculate the greatest common factor of p and 40.
40
Let j be 1*1/(2/4). Calculate the greatest common divisor of 14 and j.
2
Let c be (-1 + 5)*(0 + 1). Suppose j = 6*j + 4*d - 372, c*j + 4*d = 300. Let v = j + -28. Calculate the highest common factor of v and 4.
4
Let j(w) be the second derivative of w**4/12 + 4*w**3/3 + 5*w**2 + 7*w. Let k be j(-7). What is the highest common divisor of k and 15?
3
Let w(y) = 10*y. Let a be w(2). What is the greatest common divisor of 5 and a?
5
Let d = -46 - -179. Let o = -3 + 22. Calculate the highest common factor of o and d.
19
Suppose -2 = -5*w - 7. Let p = 3 + w. Let u be (-1)/p*2 + 7. What is the greatest common divisor of u and 4?
2
Let r(j) = j**3 + j**2 + j + 8. Let x be r(0). Calculate the highest common divisor of 4 and x.
4
Let h = 159 - 279. Let o = 230 + h. Let k = -8 - -18. Calculate the greatest common factor of k and o.
10
Let k(w) = w**2 + w - 6. Let y be k(5). Suppose 0 = -4*i - 1 - 3, 3*i = 3*o - y. What is the highest common divisor of o and 7?
7
Let a be 2 + 2 + -5 - -13. Calculate the highest common divisor of a and 6.
6
Let g(n) = -n**3 + n**2 - 2. Let p be g(0). Let j be p/4 + 82/4. What is the highest common divisor of 60 and j?
20
Let z be (6/(-4))/(6/(-56)). Suppose -12*b = -16*b + 504. Calculate the greatest common factor of b and z.
14
Suppose -h + 40 = 4*h - 4*w, h + 1 = -w. Suppose -258 = -h*o - 2. Calculate the greatest common divisor of o and 16.
16
Suppose 2*a + i = 6*i + 11, -10 = -2*i. What is the highest common factor of a and 2?
2
Suppose 171 = 5*s - 29. What is the greatest common divisor of 10 and s?
10
Suppose 0 = -3*t + 3, 3*o - 5*t = 4*o - 4. Let n be (-7)/o - (2 + 1). What is the greatest common factor of 32 and n?
4
Let l = 113 + -9. What is the greatest common divisor of 8 and l?
8
Let i(g) = 2*g**2 - 2*g + 4. Let d be i(-3). Let s(h) = 42*h. Let a be s(1). What is the highest common divisor of a and d?
14
Suppose 4*g + 4 = 32. Let q = g - 5. Suppose -q*z = -0*k + 4*k, 4*k = z + 6. What is the greatest common divisor of k and 9?
1
Suppose 5*g = -i + 13, 0*i = -4*g + 5*i - 7. Suppose -g*l + l + 32 = 0. Let w be 2*(5*8 + 0). What is the highest common divisor of l and w?
16
Let r(b) = -b**3 + 6*b**2 - 4*b + 9. Let o be r(4). Let d = -37 - -262. What is the greatest common divisor of o and d?
25
Suppose 5*f = -2*f + 98. Let c = -302 - -167. Let k = c - -205. Calculate the greatest common factor of f and k.
14
Let b(l) be the second derivative of l**4/12 + 3*l**2/2 - 2*l. Let v be b(0). Suppose -5*p + v*p = -10. What is the greatest common factor of 35 and p?
5
Suppose 0 = 5*k - 5*n - 155, -5*k + 16 + 145 = -2*n. What is the highest common divisor of k and 11?
11
Let y(w) be the third derivative of -w**6/120 + w**5/5 + w**4/2 + 8*w**3/3 - 5*w**2. Let v be y(13). Calculate the greatest common factor of v and 24.
3
Let k = -18 - -26. Calculate the greatest common divisor of 24 and k.
8
Let f(w) = 2*w**2 - 2*w + 96. Let o be f(0). What is the greatest common divisor of 12 and o?
12
Suppose -3*s - 13 = -34. Let f = 6 + s. What is the greatest common factor of f and 26?
13
Suppose 0 = -4*z + 8 + 48. What is the highest common divisor of 7 and z?
7
Let t(d) = -84*d - 3. Let v be t(-2). Suppose -5*c + 5*h + v = 0, 5*h = -5*c + 4*h + 177. Calculate the greatest common divisor of c and 5.
5
Let n(o) = 14*o + 1. Let q be n(4). Suppose 3*b = -1 + 7. Suppose 0 = b*y + y - 114. Calculate the highest common divisor of q and y.
19
Let v = 3 + 1. Let g(r) = r - 1. Let p(m) = -14*m + 16. Let h(i) = -10*g(i) - p(i). Let x be h(v). What is the greatest common factor of x and 2?
2
Suppose 20*l + 7 = 21*l. What is the greatest common divisor of 7 and l?
7
Let o = -7 + 29. Let w = o + -16. What is the greatest common divisor of w and 6?
6
Let d = 67 - 39. Let k = 26 + d. What is the highest common factor of 6 and k?
6
Suppose 6*q - 5 = -5*o + q, -2*o - 3*q - 3 = 0. Let j be (16*3/o)/2. What is the greatest common divisor of j and 12?
4
Let x = 1 - -8. Suppose 5*s - 177 - 78 = 0. Suppose -192 - s = -3*u. What is the greatest common divisor of x and u?
9
Let p = 53 - 21. Let r = -25 + 41. What is the highest common divisor of r and p?
16
Let v be 0/1 + 0 + -1. Let q(m) = -m**2 - 3*m - 1. Let t be q(v). Let g = -629 + 639. What is the highest common factor of t and g?
1
Let b(g) = 4*g - 1. Let v be b(1). Suppose 21 = v*j - 4*u, -3*u = 5*j - j - 28. Calculate the highest common factor of 35 and j.
7
Let x(r) = -13*r + 47. Let h be x(3). Let f(z) = -z**3 + 6*z**2 + 7*z - 4. Let w be f(5). What is the greatest common divisor of h and w?
8
Suppose 0 = -4*p - 4*v + 16, 3*p - 11 - 3 = -v. Suppose p*f - 2*t - 126 = 0, -84 = -4*f + t + 15. Calculate the highest common factor of f and 24.
24
Suppose -7*c + 2*c = 3*h - 19, 5*c = -5*h + 25. Suppose -r + 4*r + 85 = c*k, -3 = -3*r. What is the highest common divisor of k and 11?
11
Let y(a) = 8*a**2 + 2*a - 1. Let v = -13 - -11. Let p be y(v). Calculate the greatest common divisor of 270 and p.
27
Suppose -5*h - 16 = -71. Let j = -329 - -505. Suppose -j = -4*b - 0*b. What is the highest common factor of b and h?
11
Let k be 5412/24 + (-2)/4. Let s(b) = b**2 - 6*b. Let n be s(6). Suppose n = -a - 2*a + k. Calculate the highest common divisor of 15 and a.
15
Suppose 0*d = -2*m + 2*d + 8, -3*d = -m + 2. What is the highest common factor of 5 and m?
5
Let w(v) = 3*v**3 - v**2 + v + 1. Let g be w(2). Let b = -10 + g. Suppose -55 = -3*r - b. Calculate the greatest common factor of 154 and r.
14
Let c be 6 - 6/((-4)/(-2)). Let n = 68 + -47. Calculate the highest common factor of n and c.
3
Suppose 3*k + 6*w = w + 225, -2*k - w + 150 = 0. What is the greatest common divisor of 30 and k?
15
Let i be 1/(-2)*19*-10. Let a be 24*(9/6 + -2). Let o(v) = v**2 + 9*v - 17. Let n be o(a). Calculate the greatest common factor of i and n.
19
Let a be ((-1)/(-2))/(1/52). Suppose d - 197 = -4*d - 2*s, s - 1 = 0. Calculate the greatest common divisor of a and d.
13
Let v be (-29)/(-9) - 6/27. Suppose -2*z + 3*u = -139, 0 = 2*z - 0*u + 3*u - 145. Suppose 0 = 4*t - z - 61. Calculate the greatest common divisor of t and v.
3
Let z(o) = -o**2 - 8*o + 8. Let d = -5 - 2. Let g be z(d). What is the highest common factor of g and 3?
3
Let o = -29 - -51. What is the greatest common factor of 55 and o?
11
Let d be (3 + -4)*0/(-1). Suppose 3*i - 4*b - 41 = d, 0*i - 4*b + 15 = 5*i. What is the greatest common factor of i and 77?
7
Let v(r) = r + 8. Let f be v(-5). Let d = 1 - -4. Suppose -f*y = -4*z - 216, -123 + 483 = d*y - 3*z. Calcula